common factor of 42 and b?
14
Let o be -4 + (1 + 47)/3. Let b be ((-4)/10)/((-3)/45). What is the highest common divisor of b and o?
6
Suppose 8*s - 3*s - 33 = -4*o, 4*s + 12 = 0. Suppose -o*m = -21*m + 540. What is the greatest common divisor of 20 and m?
20
Let m = 1448 + -1264. Calculate the greatest common factor of m and 161.
23
Let a be 4 + 1*(-2 - -2). Let m = -203 + 109. Let s = m + 126. What is the greatest common divisor of a and s?
4
Suppose 3*g - 6*g + 147 = 0. Suppose g = 4*t - 107. Suppose 0 = -2*z + z + 13. Calculate the greatest common divisor of t and z.
13
Let d = -203 - -204. Suppose -7 = -3*h - 1. Suppose 2*u - 6*u + 24 = h*w, -4*w - 29 = -3*u. What is the greatest common divisor of d and u?
1
Let p(f) = f**3 + f**2 - f + 13. Let y be p(0). Let v = -108 + -9. Let j be 6/(-9)*v/6. Calculate the highest common factor of j and y.
13
Suppose -32 = 23*h - 55. Suppose -10 = -5*c - 3*s, -2*c - 2*c + 8 = 2*s. Suppose 2*f = 2*y - 16, y - c*f = 6 + 7. What is the greatest common factor of y and h?
1
Let z be (-1 - -3 - -1) + 2. Suppose 3*t = z*n - 2*t - 110, 3*t = -2*n + 34. Let i be (-1)/((-5)/50*1). What is the greatest common divisor of i and n?
10
Suppose 0 = -0*j - 2*j + 8. Suppose -16 = -j*u + 4*q, -u - 2*q = -4*u + 13. Calculate the highest common factor of 10 and u.
5
Let g(j) be the second derivative of 7*j**4/12 - 3*j**2/2 - j. Let h be g(3). Suppose -3*x + h = 2*x. Calculate the greatest common factor of 30 and x.
6
Suppose -4*t + t + 22 = -2*s, -2*t = s - 3. Suppose -2*n - 1 = -3*n, 0 = -f - t*n + 28. Let c = 300 - 204. Calculate the highest common divisor of f and c.
24
Let k(z) = 7*z + 99. Let u be k(-4). What is the greatest common divisor of 1 and u?
1
Suppose -472 = 10*a - 602. What is the greatest common divisor of 338 and a?
13
Suppose -7*d + 93 = -236. What is the highest common divisor of d and 752?
47
Let l be 49 - (2/9 + (-145)/45). Calculate the highest common divisor of 156 and l.
52
Let p = -24 + 791. What is the greatest common factor of p and 177?
59
Suppose -3*x = 3*s - 51, -10*x + 8*x - 5*s + 31 = 0. Let k be (18/15)/(1/10). What is the highest common factor of x and k?
6
Let g be ((-252)/15)/(-1 + 8/10). What is the highest common divisor of g and 12?
12
Suppose 258 = 2*q - 62. Suppose 5*h - h = -q. Let a = 73 + h. What is the greatest common divisor of a and 11?
11
Let u be 6 - 4 - 3 - -4. Suppose 25 = u*s - 8. Calculate the greatest common divisor of 11 and s.
11
Suppose -5*p + p = 0. Let z be 16/(1 - p)*10. Let f(s) = -4*s + 60. Let v be f(11). What is the greatest common divisor of z and v?
16
Let c(s) = 7*s - 27. Let g(j) = -7*j + 27. Let z(w) = 2*c(w) + 3*g(w). Let v be z(-9). What is the greatest common factor of 10 and v?
10
Suppose -104 = 3*f - 347. Let j(i) = -i**3 + 5*i**2 - 2*i - 3. Let b be j(3). Calculate the highest common factor of b and f.
9
Let s(i) = i**2 - 7*i - 142. Let b be s(17). Calculate the highest common factor of b and 1792.
28
Let s = -792 - -468. Let v be (-30)/9*s/30. Suppose a = -3*a + v. What is the highest common factor of 9 and a?
9
Let j(c) = c**3 + 24*c**2 + 47*c - 40. Let x be j(-21). Calculate the highest common factor of x and 8.
8
Suppose 13*u + 74 = 22. Let g(b) = b**2 - 3*b - 24. Let x be g(u). Calculate the greatest common factor of x and 1.
1
Let w(s) = -21*s - 9. Let j be w(-8). Let x = -93 + j. Let h be (6/(-4))/((-132)/1936). Calculate the greatest common divisor of x and h.
22
Let c = 16 + 59. Suppose -7*h + 12*h = c. Let j = 35 - h. Calculate the greatest common factor of 20 and j.
20
Let n be (31 - -7)/(((-2)/(-4))/1). Suppose -13*j = -n - 639. Let q be 3*(19/3 - -1). What is the greatest common factor of j and q?
11
Let s = -11 - -28. Suppose i + 0*i + g = s, 0 = g - 5. What is the greatest common factor of 36 and i?
12
Let k be (-18)/(-4)*44/(-33). Let w be ((-27)/4)/3*-8. Let i be (-4)/k - (-3300)/w. Calculate the highest common divisor of 23 and i.
23
Let x = 1304 + -1288. Calculate the highest common divisor of 400 and x.
16
Suppose 9*y + 52 = -2. Let w(i) = 2*i**2 + 11*i. Let f be w(y). Calculate the greatest common factor of 42 and f.
6
Let o(p) be the second derivative of p**5/20 - p**4/3 - p**3/6 - 9*p**2/2 + 11*p. Let c be o(5). Calculate the highest common divisor of c and 99.
11
Let n be (3 - -1)*12/8. Let j(w) = -3*w - 4 + n*w - 5*w. Let b be j(-5). Calculate the highest common divisor of b and 48.
6
Suppose 0 = 63*p - 62*p + 4*u - 40, -5*u + 155 = 5*p. What is the highest common divisor of 14 and p?
14
Let h = 256 - 150. Let g = 182 - h. Let q = 24 + -5. What is the highest common divisor of g and q?
19
Let o(w) = 2*w**2 - 6*w - 2. Let c be o(-5). Let n = c + -43. Calculate the highest common divisor of 385 and n.
35
Let s be 4 + -3 + 16 + -2 + -2. Let d(v) = 9*v - 72. Let z be d(s). What is the highest common divisor of 45 and z?
45
Let o be ((-19)/((-171)/360))/(2/4). Suppose 0 = -2*b - b + 12. Let i be (8/3)/b*24. What is the greatest common divisor of i and o?
16
Suppose 0 = -4*i + i + 108. Suppose -r + 26 = 3*g, r = 3*g + 4*r - 24. Calculate the highest common factor of g and i.
9
Let s = -167 - -343. Let q = 14376 + -14332. Calculate the highest common factor of s and q.
44
Suppose -63*v - 472 = -68*v - 3*p, 0 = -4*v + 3*p + 356. Suppose 296 = 2*g + 5*a, -299 + 27 = -2*g + a. What is the highest common factor of g and v?
46
Let w = -18 - -24. Let v be 62/w + (-5)/15. Let j be (5/(-1))/(3/(-12)). Calculate the highest common divisor of j and v.
10
Let k = -27 + 119. Suppose -37 = -x - 4*w, 5*x - 4*w - k - 69 = 0. What is the greatest common factor of x and 264?
33
Let k = -288 + 462. What is the greatest common factor of 12 and k?
6
Let g = 32 - 22. Suppose -2*n - g = -7*n. Suppose 0 = 2*k + 2*c - 338, 0 = -n*k + 2*c + 146 + 188. Calculate the greatest common factor of k and 28.
28
Let l = 709 + 950. Calculate the greatest common divisor of l and 42.
21
Let a(s) = 21*s - 7 - s**2 + 0*s**2 - 7 + 5. Let o be a(18). What is the greatest common factor of o and 5?
5
Suppose m + 380 = 3*g, 5*g + m - 620 = -0*g. Let k be (-1206)/(-67) + (0 - -7). What is the greatest common divisor of k and g?
25
Let o be (-2 - -1) + 3 + -32. Let w = o - -165. Suppose -5*t + w + 25 = 0. What is the greatest common divisor of t and 16?
16
Let h(q) = -7 - q + 26*q**2 + 17 - 7. Let k be h(1). Let m(z) = -5*z - 6. Let w be m(-4). Calculate the greatest common divisor of w and k.
14
Let l = 319 - 223. Suppose 2*k + 4*z = 32, 3*k + 2*z - 43 - 25 = 0. Let a = l - k. Calculate the highest common factor of 28 and a.
14
Suppose -3*g - 3*g - 30 = 0. Let y = 9 + g. What is the greatest common factor of y and 4?
4
Let r = -2 + 16. Let h = -52 - -66. Calculate the highest common factor of r and h.
14
Let h be ((-3)/12)/((-21)/504). Suppose 0 = -2*w + 9 - 3. Suppose 3*y = 4*o - w*o - 36, -3*y - 6 = 0. What is the greatest common factor of h and o?
6
Let w(m) = -m**3 - 17*m**2 - 54*m - 6. Let g be w(-13). What is the greatest common factor of g and 2620?
20
Let d(p) = -8*p**2 + p + 4. Let i be d(-2). Let z = i + 35. What is the greatest common factor of 20 and z?
5
Let y = -314 - -326. Calculate the greatest common divisor of 192 and y.
12
Let z be (-61 - 4)/((-4)/4). Suppose 7 = q - 6. Calculate the highest common factor of z and q.
13
Suppose -25 = -3*b - 4*t + 3, 0 = b - 2*t + 4. Suppose 12 = q - b*v, -4*v - 4 + 16 = q. What is the greatest common factor of q and 28?
4
Let u be (88/(-40) - -2)*-20. What is the highest common divisor of 32 and u?
4
Let s be (-6)/21 + 88/14. Suppose -3*l = 2*l - 180. Let m be l/15*((-120)/3)/(-2). Calculate the highest common divisor of m and s.
6
Let w be (-21 - -27)/(302/150 + -2). Calculate the highest common factor of w and 18.
18
Suppose -s = 3*s - 640. Suppose -82*d + 471 = -2*d - 809. What is the greatest common factor of s and d?
16
Let a = 269 - 273. Let r be (21/a)/(27/(-540)). Let f = 42 + -27. What is the greatest common factor of f and r?
15
Let n = -45 - -57. Let o = -54 + 84. Calculate the greatest common factor of o and n.
6
Let r(h) = -22*h - 564. Let j be r(-28). Suppose 4*q + 23 = 3*b - 75, 3*q = 2*b - 67. What is the highest common factor of j and b?
26
Suppose 40 + 320 = 9*m. Calculate the greatest common divisor 